 Let r be n(s). What is u(r)?
1
Let a(o) = -113*o + 240. Let r be a(2). Let c(v) = v**2 - 15*v + 10. What is c(r)?
-4
Let v(n) be the first derivative of n**5/20 + 7*n**4/12 + n**3 - 3*n**2/2 - 8*n + 5. Let j(o) be the first derivative of v(o). What is j(-6)?
-3
Let j(s) = -s + 4. Let w(n) be the third derivative of -5/24*n**4 + 1/12*n**5 + 0*n + 1/6*n**3 + 0 - 6*n**2 - 1/120*n**6. Let t be w(4). Calculate j(t).
7
Let s(g) be the third derivative of -1/3*g**3 + 0 + 0*g - 1/12*g**4 + 1/30*g**5 - 26*g**2. Give s(3).
10
Let j(i) be the first derivative of -i**4/4 - 13*i**3/3 - 9*i**2/2 - 10*i - 286. Calculate j(-12).
-46
Let x(m) = -m**2. Let a(f) = 5*f**2 - f - 1. Suppose -22*u = -18*u - 16. Suppose -6 = -u*r - 2*r. Let i be a(r). Determine x(i).
-9
Let b(y) be the first derivative of -5/2*y**2 + 2/3*y**3 - 10 + 3*y. What is b(3)?
6
Let o(y) be the third derivative of -y**6/120 - y**5/10 - y**4/4 - 7*y**3/6 + 2224*y**2. Suppose 4*j = 9 - 29. Calculate o(j).
-2
Let z = 3 - 2. Suppose z = 2*r - 1. Let n(x) = 6*x**3 - 23*x**3 + 1 + 15*x**3. Calculate n(r).
-1
Let l(n) be the second derivative of -n**7/840 - n**6/90 - n**5/40 + n**4/6 - 4*n**3/3 + 12*n. Let j(b) be the second derivative of l(b). Give j(-3).
4
Let u(l) = 4*l. Suppose 2*m - b = 9, -21 = -3*m - 4*b + 20. Give u(m).
28
Let u = 20 + -21. Suppose -4*r - 2*w = -46, -5*r - 4*w + 63 = 10. Let h(x) = -x**2 + r - 14 - x + 0*x**2. Calculate h(u).
-1
Let x(k) be the second derivative of 4*k + 0 + 1/6*k**3 + 0*k**2. Let i(l) = -2*l**3 - 2*l**2 + 6*l - 2. Let u(h) = i(h) - 5*x(h). Determine u(-2).
4
Let q(w) = w**3 - 7*w**2 - 2*w - 9. Let z(v) = -2*v**2 - 2. Let g(t) = q(t) - 5*z(t). What is g(-5)?
-39
Let j(d) = -2*d**2 - 8*d - 3. Suppose -2*u + 3*k = -29, -3*u + 0*u - 4 = 5*k. Let t be (4 + 1)/5 - u*1. Determine j(t).
-27
Let u(z) = -57*z**2 + 130*z**2 - 72*z**2 - 6*z - 5. What is u(4)?
-13
Let y be (-8 - -4 - 3)*-7. Let r = y + -55. Let f(h) = h**2 + 6*h. Calculate f(r).
0
Let c be 3*(-4)/6*3. Let r = c - -9. Let o(l) = l**3 - 110*l - 80*l + 0*l**3 - 2*l**3 + 193*l - 4 + 2*l**2. Calculate o(r).
-4
Let z be ((1 - 1) + 1)/(-1) + 3. Let k(c) be the first derivative of 6 + 8*c + 2*c**z - 1/4*c**4 + 5/3*c**3. Calculate k(6).
-4
Suppose 5*l = -0*l + 5*g, 4*l = g + 9. Suppose -l*y = -12 - 0. Suppose -y + 2 = -u. Let f(s) = -9*s - 2. Give f(u).
-20
Suppose 3*w + 0*m = m + 30, 2*w - 9 = -3*m. Let l(v) = v**3 - 8*v**2 - 4*v. Calculate l(w).
45
Let c(y) = -3*y. Let o(v) = -v**2 + 11*v + 15. Let t be o(11). Let j be 1*2 + (11 - t). What is c(j)?
6
Let m = 12 + -10. Let u(q) be the third derivative of 0*q - 5*q**m + 0*q**3 - 1/30*q**5 + 1/24*q**4 + 0 + 1/120*q**6. Give u(3).
12
Let l(w) = -11*w + 2 - 6 + 3 - w. Calculate l(1).
-13
Suppose 68*d = 58*d. Let f(v) = v**3 + v**2 - v + 7. Determine f(d).
7
Let r(b) = -b**2 + 3*b. Let m(d) = 6 + 0*d - 7*d**2 + d - 3 + 6*d**2. Let u be m(3). Let l be 1 - (u - -3) - -2. Give r(l).
0
Let m = 25 + -20. Let c be ((-9)/m)/(2/(-10)). Let u = 15 - c. Let q(l) = -l**2 + 6*l + 5. Give q(u).
5
Let h(r) = -3*r**3 - 5*r**2 - 5*r + 5. Let l(k) = k**3 - k**2 - k - 1. Let u(y) = h(y) + 4*l(y). Determine u(10).
11
Let d(u) = -3*u - 4. Let y be d(-8). Suppose y = 6*v - v. Suppose 0 = -v*j - 12 - 4. Let h(q) = q**3 + 5*q**2 + 5*q + 1. What is h(j)?
-3
Let n(s) be the third derivative of -s**4/3 + s**3/6 - 2*s**2 + 30*s. Let x be -3*(-1)/((-3)/2). Determine n(x).
17
Let f(i) = 2*i + 1. Let k = -345 - -351. Determine f(k).
13
Let n(m) = m. Let w be n(0). Let v(g) = -3*g - 90. Let r(x) = -2*x - 63. Let z(s) = 4*r(s) - 3*v(s). What is z(w)?
18
Let i(h) = h**2 + 8*h. Suppose s = -1, -5*r + 4*s + 79 = 5*s. Suppose -41*v = -43*v - r. Calculate i(v).
0
Let m(j) = j - 49*j**2 - j**3 - 48*j**2 + 103*j**2 - 6. What is m(6)?
0
Let r(z) = -2*z**3 + 64*z**2 + 138*z - 72. Let g be r(34). Let v(l) = l. Let j(c) = 3*c - 3. Let x(s) = j(s) - 4*v(s). Determine x(g).
1
Let d(y) = -y**3 + 14*y**2 - 13*y - 5. Let c = 1690 + -1677. Give d(c).
-5
Let g(y) be the third derivative of 0*y**3 - 1/180*y**6 - 3/8*y**4 + 0*y + y**2 + 0 + 1/40*y**5. Let s(i) be the second derivative of g(i). Calculate s(2).
-5
Let g(n) = 3*n - 2. Suppose 2346 = 5*b + 2331. Calculate g(b).
7
Let f(w) = 6 - 7*w**2 + 6*w + w**3 + 0*w + 0*w**3. Suppose -16 = 4*a - 4*k, -2*a + 2*k - 10 = -k. Let r = a + 8. Calculate f(r).
6
Let d(n) be the third derivative of -n**4/6 - 5*n**3/2 - 69*n**2. Calculate d(-6).
9
Let d(p) = -6*p - 4. Let f(j) = j + 1. Let o(y) = 2*d(y) + 10*f(y). Let l(g) = -g**2 - 4*g. Let x be l(-4). Suppose 4*b + 8 = -x. Give o(b).
6
Let r be -3 + 12/(-21) + (-121)/(-77). Let h(b) be the third derivative of b**4/12 - b**3/6 - 10*b**2. Calculate h(r).
-5
Let x(c) = 11*c**2 + 5*c + 4. Let g(v) = 11*v**2 + 4*v + 3. Let u(j) = -5*g(j) + 4*x(j). Give u(-1).
-10
Let s(k) = k**2 + 7*k - 7. Suppose 5*j - 3*v - 390 = 0, 2*v + 131 + 183 = 4*j. Let l = -90 + j. Calculate s(l).
11
Suppose 0 = 2*x + 2*j + 40, -5*x - 4*j - 100 = -j. Let v(d) = d**3 + 19*d**2 - 22*d - 41. Let c be v(x). Let h(i) = 7*i + 1. Calculate h(c).
-6
Let p(w) be the third derivative of w**9/60480 + w**8/4032 + w**7/5040 - w**6/144 + w**5/5 + 5*w**2. Let h(z) be the third derivative of p(z). What is h(-5)?
-10
Suppose f - 41 = 3*u, -4*u = -3*f + 50 + 13. Let l = -11 + 5. Let w be l/(u/4) - 2. Let t(o) = o + 3. Give t(w).
3
Let d(y) be the first derivative of y**2 - 3*y + 1065. Let v be 8*(2 - 1/2). Suppose -4 + v = 2*n. What is d(n)?
5
Let k(i) = i**2 - i - 1. Let r = -15 - -14. Let q be -2 - (r + -1 + 4). Let w be 49/28 - 1/q. Determine k(w).
1
Let b(y) = 7*y - 8. Let d(u) = -8*u + 10. Let f(m) = -4*b(m) - 3*d(m). Calculate f(-3).
14
Let h(y) be the second derivative of -y**4/6 + 11*y**3/3 + 11*y**2/2 + 472*y. Determine h(11).
11
Suppose 2*k + 2*k = 60. Suppose v - z + 3 = -2*z, 0 = 4*v - 5*z - k. Let i(s) = -s - 11. Determine i(v).
-11
Let n(w) = -w**2 - 6*w + 2. Let l be (-31 - (-8 - 3))*(-1)/(-4). Give n(l).
7
Let f(h) = h**3 - 3*h**2 - 3*h + 2. Let n(i) = i**2 + i + 5. Let t be n(-5). Let j = 29 - t. What is f(j)?
6
Suppose 5*f - 2*f - 2*u + 315 = 0, 2*f - 4*u = -218. Let t = f - -109. Let g(o) = o**2 - 7*o - 4. Give g(t).
-10
Let j(k) = 5*k + 9. Let i = -131 - -129. Let f(z) = z + 2. Suppose 0 = -5*n + n + 44. Let a(m) = i*j(m) + n*f(m). Give a(0).
4
Suppose 6*k - 10 = 14. Let d(m) = -7 + m**3 + k*m**2 + 4*m**2 + 0 + 8*m + 2*m**2. Calculate d(-9).
2
Let a = 101/72 + -5/72. Let o(g) be the second derivative of -a*g**3 - 6*g + 0 + 0*g**2. Calculate o(-1).
8
Let r(m) = -m - 2. Suppose 2*t + 3*t - 25 = 0, g + 19 = 2*t. Let x(o) = 2*o + 12. Let f be x(g). Calculate r(f).
4
Let a(r) be the second derivative of r**7/1260 + r**6/720 + 11*r**4/12 + 19*r. Let p(x) be the third derivative of a(x). What is p(-2)?
6
Suppose z + 30 = 29. Let u(d) = 33*d**3 - d. Give u(z).
-32
Let k(u) = 3 - 18*u**3 + 3*u**2 - 18*u**3 + 54*u**3 - 3*u - 19*u**3. Calculate k(4).
-25
Let v(z) = 0*z - 2*z + 1 - z. Let f(i) = i**2 - 6*i + 8. Let x be f(3). Let k be x*(-8)/(-5)*(-10)/4. What is v(k)?
-11
Let i(v) = -5*v - 3. Suppose -5*k = 2*d - 60, -3*d + 0*k + 90 = 2*k. Suppose j = 7*j - d. Suppose 2*y + 14 = 5*y - g, -j*y = 3*g. Determine i(y).
-18
Let c be (-1)/((0 - 1)/(-11)). Let w(l) = -l**2 - 10*l + 4. Let x be w(c). Let u(y) = -y**3 - 8*y**2 - 4*y + 9. Determine u(x).
-12
Let a(p) be the third derivative of -p**6/120 - p**5/10 - p**4/4 + 5*p**3/6 + 405*p**2. Give a(-6).
41
Let v(w) = w**2 + 46*w + 528. Let a be v(-22). Let q(g) = -g**2 + g - 11. Let u(r) = 3*r**2 - 3*r + 23. Let p(k) = 5*q(k) + 2*u(k). Calculate p(a).
-9
Let k(n) = -28*n - 484. Let z be k(-17). Let p(a) = 2*a**2 + 14*a - 13. Calculate p(z).
3
Let m be 6/(-39) + 63/(-13). Let i(a) = 3*a + 5. What is i(m)?
-10
Let r(z) = 2*z**2 + 14*z + 32. Let v be r(-3). Let l(g) = g - 10. Give l(v).
-2
Let i(z) = 9*z + 2 - 6 - 2*z**2 + 2 + 3. Give i(7).
-34
Let c(l) = 383*l**3 - 194*l**3 - 190*l**3 + 11*l**2 + 3 - 11*l. Calculate c(10).
-7
Let r(k) = -k**3 - 5*k**2 + 7*k + 9. Let o be ((-22)/66)/(17/(-18) - -1). Calculate r(o).
3
Let d be 5 + 0 + 0/(-2). Let f(x) = 2*x**3 + x**2 - x. Let b be f(1). Let u(i) = -2 - 2*i + 6 + i**3 + 4*i**b - 9*i**2. Give u(d).
-6
Let q(m) = -4 + 89*m**2 + 5*m - 48*m**2 - 42*m**2. Calculate q(4).
0
